{"id":13,"date":"2020-10-06T19:43:13","date_gmt":"2020-10-06T19:43:13","guid":{"rendered":"https:\/\/art.joes-atelier.ch\/?page_id=13"},"modified":"2026-02-22T09:33:25","modified_gmt":"2026-02-22T09:33:25","slug":"atelier","status":"publish","type":"page","link":"https:\/\/www.joes-atelier.ch\/?page_id=13","title":{"rendered":"Joes Atelier"},"content":{"rendered":"\n<p class=\"has-drop-cap has-text-color has-background has-link-color has-normal-font-size wp-elements-591b051735aa6ed124b2ff1679da68b3\" style=\"color:#7d1111;background:linear-gradient(135deg,rgb(252,185,0) 0%,rgb(255,255,255) 16%,rgb(255,105,0) 100%)\"><strong>Alles zum Atelier &#8212; Besuche sind nach Vereinbarung m\u00f6glich. Kreative Nachmittage &#8211; Pigmentherstellung &#8211; Gestalten mit Pigmenten und Steinen  auf Anfrage \/ su richiesta Anmeldung und Info: info@joes-atelier.ch <\/strong><\/p>\n\n\n\n<p class=\"has-text-align-center has-orange-color has-text-color has-link-color has-normal-font-size wp-elements-e4be935f82475f9724cbb4963448b6ad\"><u><strong>Pures Ocker &amp; Sternenstaub<\/strong><\/u><\/p>\n\n\n\n<p class=\"has-text-align-center\"><strong>Dank dem seit Urzeiten bekannten reinem nat\u00fcrlichen Ocker Pigment aus Sedimenten ist unsere Welt farbenfroher geworden. Anfangs konnten mit Malereien Wissen, Geschichten, und Weisheiten in einer Art erster Schrift lebendig vermittelt werden.<\/strong> <strong>Aus Einlagerungen unter Humus, in Meeresablagerungen oder zwischen Schiefer werden diese Erdfarben gewonnen. Ans Tageslicht gef\u00f6rdert bleiben ihre Farben erstaunlich lange lichtecht. Mikroskopisch feine Mineralien machen es m\u00f6glich, dass die in Urzeiten gebildeten Farbt\u00f6ne noch heute leuchten und begeistern. Arch\u00e4ologen haben erhaltene Malereien aus bis zu 50&#8217;000 Jahren entdeckt.<\/strong> <br><strong>Durch das Beimischen von gebranntem Kalk, wasserfest gemacht, erstrahlen Ocker Hausfassaden in den Gassen mancher romantischen Orte.<\/strong><br><strong>Auf allen Kontinenten, ob in Roussillon Frankreich, Siena Italien, Deutschland, Indien, S\u00fcdafrika oder Australien, \u00fcberall wurde und wird dieser mit Heimat-Charm behaftete Naturfarbstoff noch jetzt gesch\u00fcrft. Die Farbpalette reicht von Beige, \u00fcber Ockergelb, Orange, Umbra, Sienaockerfarben und beinhaltet viele Farbnuance.<\/strong><\/p>\n\n\n\n<p class=\"has-text-align-center\"><strong>Mir bedeuten die naturbelassenen Pigmentfarben sehr viel. Im Umgang mit diesen Ocker &#8211; Pigmentfarben kann ich Natur Kunstwerke gestallten welche rein, <u>pur Ocker<\/u>, sind. Lerne bei jedem neuen Bild mehr, denn es wird nur Wasser in der richtigen Menge beigemischt. Die durch die Fl\u00fcssigkeit aus Wasserstoff (H\u2082) und Sauerstoff (O) entstanden Molek\u00fcle reichen aus den trockenen Elementen neues Leben einzuhauchen. Die dadurch erwachte Farbgebung vermittelt dem Betrachter Schwingungen welche Ruhe, Verbundenheit zur Natur und etwas Urt\u00fcmliches innehat. Sternenstaub der sich in dem vielfarbigen <u>puren Ocker<\/u> transformierte.<\/strong><\/p>\n\n\n\n<p class=\"has-text-align-center has-normal-font-size\"><u><strong>Ocra Pura e Polvere di Stelle<\/strong><\/u><\/p>\n\n\n\n<p class=\"has-text-align-center\"><strong>Grazie al pigmento ocra puro e naturale, ricavato dai sedimenti e noto fin dall&#8217;antichit\u00e0, il nostro mondo \u00e8 diventato pi\u00f9 colorato. Inizialmente, i dipinti venivano utilizzati per trasmettere vividamente conoscenza, storie e saggezza in una sorta di scrittura primitiva.<\/strong> <strong>Questi pigmenti terrosi vengono estratti da depositi sotto l&#8217;humus, nei sedimenti marini o tra gli scisti. Portati alla luce, i loro colori rimangono straordinariamente resistenti alla luce. Minerali microscopicamente fini permettono alle tonalit\u00e0 formatesi in epoca preistorica di brillare e ispirare ancora oggi. Gli archeologi hanno scoperto dipinti conservati risalenti fino a 50.000 anni fa.<\/strong> <strong>Con l&#8217;aggiunta di calce viva, che lo rende impermeabile, le facciate ocra brillano nei vicoli di molte citt\u00e0 romantiche.<\/strong><\/p>\n\n\n\n<p class=\"has-text-align-center\"><strong>In ogni continente, che si tratti del Rossiglione, della Francia, di Siena, dell&#8217;Italia, della Germania, dell&#8217;India, del Sudafrica o dell&#8217;Australia, questo pigmento naturale, intriso di un fascino locale, \u00e8 stato e continua a essere estratto. La tavolozza dei colori spazia dal beige, passando per il giallo ocra, l&#8217;arancione, la terra d&#8217;ombra e l&#8217;ocra di Siena, abbracciando numerose sfumature.<\/strong><br><strong>Questi colori naturali hanno un significato profondo per me. Lavorare con questi pigmenti ocra mi permette di creare opere d&#8217;arte naturali, di un ocra puro e genuino. Imparo di pi\u00f9 con ogni nuovo dipinto, poich\u00e9 viene aggiunta solo la quantit\u00e0 esatta di acqua. Le molecole create dal liquido, composte da idrogeno (H\u2082) e ossigeno (O), sono sufficienti a infondere nuova vita agli elementi secchi. La tavolozza dei colori risultante trasmette all&#8217;osservatore vibrazioni che incarnano tranquillit\u00e0, un legame con la natura e qualcosa di primordiale, come polvere di stelle trasformata in un ocra puro e multicolore.<\/strong><\/p>\n\n\n<div class=\"wp-block-image\">\n<figure class=\"aligncenter size-large is-resized\"><img loading=\"lazy\" decoding=\"async\" width=\"1024\" height=\"590\" src=\"https:\/\/www.joes-atelier.ch\/wp-content\/uploads\/2024\/12\/2024-Happy-Klein--1024x590.jpg\" alt=\"\" class=\"wp-image-1782\" style=\"aspect-ratio:1.7356127016075638;width:441px;height:auto\" srcset=\"https:\/\/www.joes-atelier.ch\/wp-content\/uploads\/2024\/12\/2024-Happy-Klein--1024x590.jpg 1024w, https:\/\/www.joes-atelier.ch\/wp-content\/uploads\/2024\/12\/2024-Happy-Klein--300x173.jpg 300w, https:\/\/www.joes-atelier.ch\/wp-content\/uploads\/2024\/12\/2024-Happy-Klein--768x442.jpg 768w, https:\/\/www.joes-atelier.ch\/wp-content\/uploads\/2024\/12\/2024-Happy-Klein--1536x884.jpg 1536w, https:\/\/www.joes-atelier.ch\/wp-content\/uploads\/2024\/12\/2024-Happy-Klein--2048x1179.jpg 2048w\" sizes=\"auto, (max-width: 1024px) 100vw, 1024px\" \/><\/figure>\n<\/div>\n\n\n<p><\/p>\n\n\n<div class=\"wp-block-image\">\n<figure class=\"aligncenter size-large is-resized\"><img loading=\"lazy\" decoding=\"async\" width=\"703\" height=\"1024\" src=\"https:\/\/www.joes-atelier.ch\/wp-content\/uploads\/2025\/02\/2025-Event-703x1024.jpg\" alt=\"\" class=\"wp-image-1917\" style=\"aspect-ratio:0.6865588620922564;width:376px;height:auto\" srcset=\"https:\/\/www.joes-atelier.ch\/wp-content\/uploads\/2025\/02\/2025-Event-703x1024.jpg 703w, https:\/\/www.joes-atelier.ch\/wp-content\/uploads\/2025\/02\/2025-Event-206x300.jpg 206w, https:\/\/www.joes-atelier.ch\/wp-content\/uploads\/2025\/02\/2025-Event-768x1119.jpg 768w, https:\/\/www.joes-atelier.ch\/wp-content\/uploads\/2025\/02\/2025-Event.jpg 779w\" sizes=\"auto, (max-width: 703px) 100vw, 703px\" \/><\/figure>\n<\/div>\n\n\n<p class=\"has-drop-cap has-very-light-gray-to-cyan-bluish-gray-gradient-background has-background has-normal-font-size\"><strong>Palette der Pigmentfarben aus verschiedenen Regionen, Erden und Steinschichten.<\/strong><\/p>\n\n\n\n<p><strong>Die Erden, Steine oder den Humus<\/strong>&nbsp;k\u00f6nnen wir nicht selbst herstellen. Sie sind ein Geschenk der Natur, ein St\u00fcck unseres Globus, \u00fcber lange Zeit entstanden. Ich behandle sie mit grossem Respekt unserem Planeten und unserer Umwelt gegen\u00fcber. Sorgsam versuche ich damit etwas Bleibendes herzustellen, welches Freude macht, was t\u00e4glich an dieses Geschenk der Natur erinnert; und die W\u00e4nde deiner Wohnung bereichert.<\/p>\n\n\n\n<p>Es ber\u00fchrt mich immer wieder aufs Neue welche&nbsp;<strong>Formen und Farben<\/strong>&nbsp;die Natur hervorbringt denn diese \u00fcbertreffen bei weitem das, was wir Menschen zu kreieren verm\u00f6gen. Es ist f\u00fcr mich manchmal ein langer Weg passend und pr\u00e4zis Naturpigmente und Elemente zusammenzuf\u00fcgen. Es dauert oft Tage die Formen, Farben, Strukturen zu verstehen, zusammenzuf\u00fcgen und wie lebendige Patina auf die Leinwand zu bannen.<\/p>\n\n\n\n<p>Non possiamo produrre da soli&nbsp;<strong>il suolo, le pietre o l\u2019humus<\/strong>. Sono un dono della natura, un pezzo del nostro globo, creato nel corso di molto tempo. Li tratto con grande rispetto per il nostro pianeta e il nostro ambiente. Cerco con cura di creare qualcosa di duraturo, che dia gioia, che mi ricordi ogni giorno questo dono della natura. Non smetto mai di stupirmi&nbsp;<strong>delle forme e dei colori&nbsp;<\/strong>che la natura produce perch\u00e9 superano di gran lunga ci\u00f2 che noi esseri umani siamo in grado di creare. Per me a volte \u00e8 un lungo viaggio combinare pigmenti ed elementi naturali in modo appropriato e preciso. Spesso occorrono giorni per comprenderne forme, colori e strutture, metterli insieme e catturarli sulla tela come una patina vivente.<\/p>\n\n\n\n<figure class=\"wp-block-gallery has-nested-images columns-default is-cropped wp-block-gallery-1 is-layout-flex wp-block-gallery-is-layout-flex\">\n<figure class=\"wp-block-image size-large\"><img loading=\"lazy\" decoding=\"async\" width=\"1024\" height=\"691\" data-id=\"1515\" src=\"https:\/\/www.joes-atelier.ch\/wp-content\/uploads\/2024\/08\/2024-8-Farben--scaled-e1724137725673-1024x691.jpg\" alt=\"\" class=\"wp-image-1515\" srcset=\"https:\/\/www.joes-atelier.ch\/wp-content\/uploads\/2024\/08\/2024-8-Farben--scaled-e1724137725673-1024x691.jpg 1024w, https:\/\/www.joes-atelier.ch\/wp-content\/uploads\/2024\/08\/2024-8-Farben--scaled-e1724137725673-300x202.jpg 300w, https:\/\/www.joes-atelier.ch\/wp-content\/uploads\/2024\/08\/2024-8-Farben--scaled-e1724137725673-768x518.jpg 768w, https:\/\/www.joes-atelier.ch\/wp-content\/uploads\/2024\/08\/2024-8-Farben--scaled-e1724137725673-1536x1036.jpg 1536w, https:\/\/www.joes-atelier.ch\/wp-content\/uploads\/2024\/08\/2024-8-Farben--scaled-e1724137725673-2048x1382.jpg 2048w\" sizes=\"auto, (max-width: 1024px) 100vw, 1024px\" \/><figcaption class=\"wp-element-caption\"><em>Naturfarben aus den Regionen Bern, Baselland und Tessin<\/em><\/figcaption><\/figure>\n\n\n\n<figure class=\"wp-block-image size-large\"><img loading=\"lazy\" decoding=\"async\" width=\"1024\" height=\"768\" data-id=\"1518\" src=\"https:\/\/www.joes-atelier.ch\/wp-content\/uploads\/2024\/08\/2024-neue-Farben--1024x768.jpg\" alt=\"\" class=\"wp-image-1518\" srcset=\"https:\/\/www.joes-atelier.ch\/wp-content\/uploads\/2024\/08\/2024-neue-Farben--1024x768.jpg 1024w, https:\/\/www.joes-atelier.ch\/wp-content\/uploads\/2024\/08\/2024-neue-Farben--300x225.jpg 300w, https:\/\/www.joes-atelier.ch\/wp-content\/uploads\/2024\/08\/2024-neue-Farben--768x576.jpg 768w, https:\/\/www.joes-atelier.ch\/wp-content\/uploads\/2024\/08\/2024-neue-Farben--1536x1152.jpg 1536w, https:\/\/www.joes-atelier.ch\/wp-content\/uploads\/2024\/08\/2024-neue-Farben--2048x1536.jpg 2048w\" sizes=\"auto, (max-width: 1024px) 100vw, 1024px\" \/><figcaption class=\"wp-element-caption\">Herstellung der eigenen Natur Pigment Farben 8 \/ 2024 <\/figcaption><\/figure>\n<\/figure>\n\n\n\n<figure class=\"wp-block-gallery has-nested-images columns-default is-cropped wp-block-gallery-2 is-layout-flex wp-block-gallery-is-layout-flex\">\n<figure class=\"wp-block-image size-large\"><img loading=\"lazy\" decoding=\"async\" width=\"1024\" height=\"1020\" data-id=\"1759\" src=\"https:\/\/www.joes-atelier.ch\/wp-content\/uploads\/2024\/12\/2024-R-Araucaria-Memories-50-x-50-ll-1024x1020.jpg\" alt=\"\" class=\"wp-image-1759\" srcset=\"https:\/\/www.joes-atelier.ch\/wp-content\/uploads\/2024\/12\/2024-R-Araucaria-Memories-50-x-50-ll-1024x1020.jpg 1024w, https:\/\/www.joes-atelier.ch\/wp-content\/uploads\/2024\/12\/2024-R-Araucaria-Memories-50-x-50-ll-300x300.jpg 300w, https:\/\/www.joes-atelier.ch\/wp-content\/uploads\/2024\/12\/2024-R-Araucaria-Memories-50-x-50-ll-150x150.jpg 150w, https:\/\/www.joes-atelier.ch\/wp-content\/uploads\/2024\/12\/2024-R-Araucaria-Memories-50-x-50-ll-768x765.jpg 768w, https:\/\/www.joes-atelier.ch\/wp-content\/uploads\/2024\/12\/2024-R-Araucaria-Memories-50-x-50-ll-1536x1530.jpg 1536w, https:\/\/www.joes-atelier.ch\/wp-content\/uploads\/2024\/12\/2024-R-Araucaria-Memories-50-x-50-ll-2048x2040.jpg 2048w\" sizes=\"auto, (max-width: 1024px) 100vw, 1024px\" \/><figcaption class=\"wp-element-caption\">503 R3 Araukarie Pigmente Potro Ronco (v) <\/figcaption><\/figure>\n\n\n\n<figure class=\"wp-block-image size-large\"><img loading=\"lazy\" decoding=\"async\" width=\"1024\" height=\"1016\" data-id=\"1760\" src=\"https:\/\/www.joes-atelier.ch\/wp-content\/uploads\/2024\/12\/2024-R-Blauglockenbaum-50-x-50-1024x1016.jpg\" alt=\"\" class=\"wp-image-1760\" srcset=\"https:\/\/www.joes-atelier.ch\/wp-content\/uploads\/2024\/12\/2024-R-Blauglockenbaum-50-x-50-1024x1016.jpg 1024w, https:\/\/www.joes-atelier.ch\/wp-content\/uploads\/2024\/12\/2024-R-Blauglockenbaum-50-x-50-300x298.jpg 300w, https:\/\/www.joes-atelier.ch\/wp-content\/uploads\/2024\/12\/2024-R-Blauglockenbaum-50-x-50-150x150.jpg 150w, https:\/\/www.joes-atelier.ch\/wp-content\/uploads\/2024\/12\/2024-R-Blauglockenbaum-50-x-50-768x762.jpg 768w, https:\/\/www.joes-atelier.ch\/wp-content\/uploads\/2024\/12\/2024-R-Blauglockenbaum-50-x-50-1536x1523.jpg 1536w, https:\/\/www.joes-atelier.ch\/wp-content\/uploads\/2024\/12\/2024-R-Blauglockenbaum-50-x-50-2048x2031.jpg 2048w\" sizes=\"auto, (max-width: 1024px) 100vw, 1024px\" \/><figcaption class=\"wp-element-caption\">502 R2 Blauglockenbaum Terra ocra (v) <\/figcaption><\/figure>\n\n\n\n<figure class=\"wp-block-image size-large\"><img loading=\"lazy\" decoding=\"async\" width=\"1024\" height=\"1020\" data-id=\"1761\" src=\"https:\/\/www.joes-atelier.ch\/wp-content\/uploads\/2024\/12\/2024-R-immer-Gruen-50-x-50--1024x1020.jpg\" alt=\"\" class=\"wp-image-1761\" srcset=\"https:\/\/www.joes-atelier.ch\/wp-content\/uploads\/2024\/12\/2024-R-immer-Gruen-50-x-50--1024x1020.jpg 1024w, https:\/\/www.joes-atelier.ch\/wp-content\/uploads\/2024\/12\/2024-R-immer-Gruen-50-x-50--300x300.jpg 300w, https:\/\/www.joes-atelier.ch\/wp-content\/uploads\/2024\/12\/2024-R-immer-Gruen-50-x-50--150x150.jpg 150w, https:\/\/www.joes-atelier.ch\/wp-content\/uploads\/2024\/12\/2024-R-immer-Gruen-50-x-50--768x765.jpg 768w, https:\/\/www.joes-atelier.ch\/wp-content\/uploads\/2024\/12\/2024-R-immer-Gruen-50-x-50--1536x1530.jpg 1536w, https:\/\/www.joes-atelier.ch\/wp-content\/uploads\/2024\/12\/2024-R-immer-Gruen-50-x-50--2048x2040.jpg 2048w\" sizes=\"auto, (max-width: 1024px) 100vw, 1024px\" \/><figcaption class=\"wp-element-caption\">501 R1 Magnolienzapfen Pigmente Ronco s.A. (v)<\/figcaption><\/figure>\n<\/figure>\n\n\n\n<div class=\"wp-block-group\"><div class=\"wp-block-group__inner-container is-layout-flow wp-block-group-is-layout-flow\">\n<figure class=\"wp-block-gallery has-nested-images columns-5 is-cropped wp-block-gallery-3 is-layout-flex wp-block-gallery-is-layout-flex\">\n<figure class=\"wp-block-image size-medium\"><a href=\"https:\/\/www.joes-atelier.ch\/?attachment_id=156\"><img loading=\"lazy\" decoding=\"async\" width=\"225\" height=\"300\" data-id=\"156\" src=\"https:\/\/www.joes-atelier.ch\/wp-content\/uploads\/2020\/10\/IMG_4944-scaled-e1602931151599-225x300.jpg\" alt=\"\" class=\"wp-image-156\" srcset=\"https:\/\/www.joes-atelier.ch\/wp-content\/uploads\/2020\/10\/IMG_4944-scaled-e1602931151599-225x300.jpg 225w, https:\/\/www.joes-atelier.ch\/wp-content\/uploads\/2020\/10\/IMG_4944-scaled-e1602931151599-768x1024.jpg 768w, https:\/\/www.joes-atelier.ch\/wp-content\/uploads\/2020\/10\/IMG_4944-scaled-e1602931151599-1152x1536.jpg 1152w, https:\/\/www.joes-atelier.ch\/wp-content\/uploads\/2020\/10\/IMG_4944-scaled-e1602931151599-1536x2048.jpg 1536w, https:\/\/www.joes-atelier.ch\/wp-content\/uploads\/2020\/10\/IMG_4944-scaled-e1602931151599.jpg 1920w\" sizes=\"auto, (max-width: 225px) 100vw, 225px\" \/><\/a><figcaption class=\"wp-element-caption\">Gesteinsschichten<\/figcaption><\/figure>\n\n\n\n<figure class=\"wp-block-image size-medium\"><a href=\"https:\/\/www.joes-atelier.ch\/?attachment_id=155\"><img loading=\"lazy\" decoding=\"async\" width=\"300\" height=\"225\" data-id=\"155\" src=\"https:\/\/www.joes-atelier.ch\/wp-content\/uploads\/2020\/10\/IMG_4903-300x225.jpg\" alt=\"\" class=\"wp-image-155\" srcset=\"https:\/\/www.joes-atelier.ch\/wp-content\/uploads\/2020\/10\/IMG_4903-300x225.jpg 300w, https:\/\/www.joes-atelier.ch\/wp-content\/uploads\/2020\/10\/IMG_4903-1024x768.jpg 1024w, https:\/\/www.joes-atelier.ch\/wp-content\/uploads\/2020\/10\/IMG_4903-768x576.jpg 768w, https:\/\/www.joes-atelier.ch\/wp-content\/uploads\/2020\/10\/IMG_4903-1536x1152.jpg 1536w, https:\/\/www.joes-atelier.ch\/wp-content\/uploads\/2020\/10\/IMG_4903-2048x1536.jpg 2048w\" sizes=\"auto, (max-width: 300px) 100vw, 300px\" \/><\/a><figcaption class=\"wp-element-caption\">Auswaschen Pigmente<\/figcaption><\/figure>\n\n\n\n<figure class=\"wp-block-image size-medium\"><a href=\"https:\/\/www.joes-atelier.ch\/?attachment_id=270\"><img loading=\"lazy\" decoding=\"async\" width=\"267\" height=\"300\" data-id=\"270\" src=\"https:\/\/www.joes-atelier.ch\/wp-content\/uploads\/2020\/10\/IMG_3892-267x300.jpg\" alt=\"\" class=\"wp-image-270\" srcset=\"https:\/\/www.joes-atelier.ch\/wp-content\/uploads\/2020\/10\/IMG_3892-267x300.jpg 267w, https:\/\/www.joes-atelier.ch\/wp-content\/uploads\/2020\/10\/IMG_3892-912x1024.jpg 912w, https:\/\/www.joes-atelier.ch\/wp-content\/uploads\/2020\/10\/IMG_3892-768x862.jpg 768w, https:\/\/www.joes-atelier.ch\/wp-content\/uploads\/2020\/10\/IMG_3892-1368x1536.jpg 1368w, https:\/\/www.joes-atelier.ch\/wp-content\/uploads\/2020\/10\/IMG_3892-1824x2048.jpg 1824w\" sizes=\"auto, (max-width: 267px) 100vw, 267px\" \/><\/a><figcaption class=\"wp-element-caption\">Steine zerkleinern<\/figcaption><\/figure>\n\n\n\n<figure class=\"wp-block-image size-medium\"><a href=\"https:\/\/www.joes-atelier.ch\/?attachment_id=154\"><img loading=\"lazy\" decoding=\"async\" width=\"225\" height=\"300\" data-id=\"154\" src=\"https:\/\/www.joes-atelier.ch\/wp-content\/uploads\/2020\/10\/IMG_4947-225x300.jpg\" alt=\"\" class=\"wp-image-154\" srcset=\"https:\/\/www.joes-atelier.ch\/wp-content\/uploads\/2020\/10\/IMG_4947-225x300.jpg 225w, https:\/\/www.joes-atelier.ch\/wp-content\/uploads\/2020\/10\/IMG_4947-768x1024.jpg 768w, https:\/\/www.joes-atelier.ch\/wp-content\/uploads\/2020\/10\/IMG_4947-1152x1536.jpg 1152w, https:\/\/www.joes-atelier.ch\/wp-content\/uploads\/2020\/10\/IMG_4947-1536x2048.jpg 1536w, https:\/\/www.joes-atelier.ch\/wp-content\/uploads\/2020\/10\/IMG_4947-scaled.jpg 1920w\" sizes=\"auto, (max-width: 225px) 100vw, 225px\" \/><\/a><figcaption class=\"wp-element-caption\">Auswaschen der Pigmente und setzenlassen<\/figcaption><\/figure>\n\n\n\n<figure class=\"wp-block-image size-medium\"><a href=\"https:\/\/www.joes-atelier.ch\/?attachment_id=157\"><img loading=\"lazy\" decoding=\"async\" width=\"225\" height=\"300\" data-id=\"157\" src=\"https:\/\/www.joes-atelier.ch\/wp-content\/uploads\/2020\/10\/IMG_4573-225x300.jpg\" alt=\"\" class=\"wp-image-157\" srcset=\"https:\/\/www.joes-atelier.ch\/wp-content\/uploads\/2020\/10\/IMG_4573-225x300.jpg 225w, https:\/\/www.joes-atelier.ch\/wp-content\/uploads\/2020\/10\/IMG_4573-768x1024.jpg 768w, https:\/\/www.joes-atelier.ch\/wp-content\/uploads\/2020\/10\/IMG_4573-1152x1536.jpg 1152w, https:\/\/www.joes-atelier.ch\/wp-content\/uploads\/2020\/10\/IMG_4573-1536x2048.jpg 1536w, https:\/\/www.joes-atelier.ch\/wp-content\/uploads\/2020\/10\/IMG_4573-scaled.jpg 1920w\" sizes=\"auto, (max-width: 225px) 100vw, 225px\" \/><\/a><figcaption class=\"wp-element-caption\">Blick ins Atelier<\/figcaption><\/figure>\n<\/figure>\n<\/div><\/div>\n\n\n\n<div class=\"wp-block-group\"><div class=\"wp-block-group__inner-container is-layout-flow wp-block-group-is-layout-flow\">\n<div class=\"wp-block-group\"><div class=\"wp-block-group__inner-container is-layout-flow wp-block-group-is-layout-flow\">\n<div class=\"wp-block-group\"><div class=\"wp-block-group__inner-container is-layout-flow wp-block-group-is-layout-flow\">\n<div class=\"wp-block-group\"><div class=\"wp-block-group__inner-container is-layout-flow wp-block-group-is-layout-flow\">\n<p class=\"has-text-align-center\"> Die Bilder zum vergr\u00f6ssern jeweils <strong>2 x<\/strong> anklicken. Clicca <strong>due volte<\/strong> sulle immagini per ingrandirle.<\/p>\n<\/div><\/div>\n\n\n<div class=\"wp-block-image\">\n<figure class=\"aligncenter size-large is-resized\"><img loading=\"lazy\" decoding=\"async\" width=\"1024\" height=\"835\" src=\"https:\/\/www.joes-atelier.ch\/wp-content\/uploads\/2022\/12\/IMG_E7387-1024x835.jpg\" alt=\"\" class=\"wp-image-864\" style=\"width:510px\" srcset=\"https:\/\/www.joes-atelier.ch\/wp-content\/uploads\/2022\/12\/IMG_E7387-1024x835.jpg 1024w, https:\/\/www.joes-atelier.ch\/wp-content\/uploads\/2022\/12\/IMG_E7387-300x245.jpg 300w, https:\/\/www.joes-atelier.ch\/wp-content\/uploads\/2022\/12\/IMG_E7387-768x626.jpg 768w, https:\/\/www.joes-atelier.ch\/wp-content\/uploads\/2022\/12\/IMG_E7387-1536x1253.jpg 1536w, https:\/\/www.joes-atelier.ch\/wp-content\/uploads\/2022\/12\/IMG_E7387-2048x1671.jpg 2048w\" sizes=\"auto, (max-width: 1024px) 100vw, 1024px\" \/><\/figure>\n<\/div><\/div><\/div>\n<\/div><\/div>\n<\/div><\/div>\n\n\n\n<p class=\"has-drop-cap has-normal-font-size\"><strong>Nat\u00fcrliche Materialien !<\/strong> Grunds\u00e4tzlich stelle ich die Farben f\u00fcr meine Bilder selber her. Pigmente werden aus Gesteinsschichten oder aus z.B: zermahlenem Sandstein ausgewaschen, \u00fcber Wochen ger\u00fchrt und ab setzen lassen, die Pigmenttiegel anschliessend getrocknet.  Als Bindemittel wird teilweise gemahlener Baumharz (Gummi Arabicum) beigegeben. F\u00fcr die Farbnuancen verwende ich einzig Naturelemente: Pigmente (Ocre) aus Roussillon (F); Erden aus Kreta, Madeira; Sand von verschieden Str\u00e4nden; Lehm, Kohle, Schiefersand, Pflanzens\u00e4fte oder z.B.: gemahlener Marmor. <\/p>\n\n\n<div class=\"wp-block-image\">\n<figure class=\"aligncenter size-medium is-resized\"><img loading=\"lazy\" decoding=\"async\" width=\"225\" height=\"300\" src=\"https:\/\/www.joes-atelier.ch\/wp-content\/uploads\/2020\/10\/IMG_5200-scaled-e1602930958109-225x300.jpg\" alt=\"\" class=\"wp-image-163\" style=\"width:212px\" srcset=\"https:\/\/www.joes-atelier.ch\/wp-content\/uploads\/2020\/10\/IMG_5200-scaled-e1602930958109-225x300.jpg 225w, https:\/\/www.joes-atelier.ch\/wp-content\/uploads\/2020\/10\/IMG_5200-scaled-e1602930958109-768x1024.jpg 768w, https:\/\/www.joes-atelier.ch\/wp-content\/uploads\/2020\/10\/IMG_5200-scaled-e1602930958109-1152x1536.jpg 1152w, https:\/\/www.joes-atelier.ch\/wp-content\/uploads\/2020\/10\/IMG_5200-scaled-e1602930958109-1536x2048.jpg 1536w, https:\/\/www.joes-atelier.ch\/wp-content\/uploads\/2020\/10\/IMG_5200-scaled-e1602930958109.jpg 1920w\" sizes=\"auto, (max-width: 225px) 100vw, 225px\" \/><figcaption class=\"wp-element-caption\">Pigmenttiegel<\/figcaption><\/figure>\n<\/div>\n\n\n<p class=\"has-drop-cap has-normal-font-size\"><strong>Materiali naturali!<\/strong> Fondamentalmente, creo io stesso i colori per le mie Quadri. I pigmenti vengono lavati via dagli strati di roccia o, ad esempio, dall&#8217;arenaria macinata, lascialo fermare per settimane, i crogioli dei pigmenti vengono quindi essiccati. La resina dell&#8217;albero parzialmente macinata (gomma arabica) viene utilizzata come agente legante. Per le sfumature di colore utilizzo solo elementi naturali: Pigments (Ocre) di Roussillon (F); Terra da Creta, Madeira; Sabbia di diverse spiagge; Argilla, carbone, sabbia di ardesia, succhi di piante o ad es .: marmo macinato. (La traduzione italiana sar\u00e0 adeguata)<\/p>\n\n\n\n<p><\/p>\n","protected":false},"excerpt":{"rendered":"<p>Alles zum Atelier &#8212; Besuche sind nach Vereinbarung m\u00f6glich. Kreative Nachmittage &#8211; Pigmentherstellung &#8211; Gestalten mit Pigmenten und Steinen auf Anfrage \/ su richiesta Anmeldung und Info: info@joes-atelier.ch Pures Ocker &amp; Sternenstaub Dank dem seit Urzeiten bekannten reinem nat\u00fcrlichen Ocker&#8230; <a href=\"https:\/\/www.joes-atelier.ch\/?page_id=13\" class=\"read-more\">Read More<\/a><\/p>\n","protected":false},"author":1,"featured_media":0,"parent":0,"menu_order":0,"comment_status":"closed","ping_status":"closed","template":"","meta":{"footnotes":""},"class_list":["post-13","page","type-page","status-publish","hentry"],"_links":{"self":[{"href":"https:\/\/www.joes-atelier.ch\/index.php?rest_route=\/wp\/v2\/pages\/13","targetHints":{"allow":["GET"]}}],"collection":[{"href":"https:\/\/www.joes-atelier.ch\/index.php?rest_route=\/wp\/v2\/pages"}],"about":[{"href":"https:\/\/www.joes-atelier.ch\/index.php?rest_route=\/wp\/v2\/types\/page"}],"author":[{"embeddable":true,"href":"https:\/\/www.joes-atelier.ch\/index.php?rest_route=\/wp\/v2\/users\/1"}],"replies":[{"embeddable":true,"href":"https:\/\/www.joes-atelier.ch\/index.php?rest_route=%2Fwp%2Fv2%2Fcomments&post=13"}],"version-history":[{"count":46,"href":"https:\/\/www.joes-atelier.ch\/index.php?rest_route=\/wp\/v2\/pages\/13\/revisions"}],"predecessor-version":[{"id":2282,"href":"https:\/\/www.joes-atelier.ch\/index.php?rest_route=\/wp\/v2\/pages\/13\/revisions\/2282"}],"wp:attachment":[{"href":"https:\/\/www.joes-atelier.ch\/index.php?rest_route=%2Fwp%2Fv2%2Fmedia&parent=13"}],"curies":[{"name":"wp","href":"https:\/\/api.w.org\/{rel}","templated":true}]}}