{"id":60,"date":"2020-10-11T16:23:10","date_gmt":"2020-10-11T16:23:10","guid":{"rendered":"https:\/\/art.joes-atelier.ch\/?page_id=60"},"modified":"2025-01-26T10:28:50","modified_gmt":"2025-01-26T10:28:50","slug":"story","status":"publish","type":"page","link":"https:\/\/www.joes-atelier.ch\/?page_id=60","title":{"rendered":"Story in Italiano &amp; Deutsch"},"content":{"rendered":"\n<p>Joe,                                                      Ronco s.Ascona, Ticino, info@joes-atelier.ch www.joes-atelier.ch<\/p>\n\n\n\n<p>Joe \u00e8 un artista cresciuto in un ambiente naturale nella regione di Basilea. Attualmente vive e lavora in Ticino. All&#8217;inizio ha sviluppato una sensibilit\u00e0 speciale per le immagini, i colori e le forme. Nelle sue opere mostra l&#8217;affascinante connessione tra natura e arte.<\/p>\n\n\n\n<p>La natura \u00e8 una fonte inesauribile di ispirazione per Joe. \u00c8 affascinato dall&#8217;inaspettata variet\u00e0 di trame, forme, colori e particolarit\u00e0. Catturando questi elementi nelle sue opere, esprime la sua connessione con l&#8217;ambiente. Allo stesso tempo, vuole sensibilizzare su questa enorme ricchezza e sulla fragilit\u00e0 del nostro spazio vitale.<\/p>\n\n\n\n<p>Le sue creazioni artistiche sono caratterizzate dalla loro tecnica unica e dalla scelta dei materiali. Joe Th\u00fcring sperimenta tutto ci\u00f2 che trova. Terre di diverse regioni, arenaria, pietre speciali, pigmenti di Creta e Provenza, vengono lavorati artisticamente con originalit\u00e0. Cattura deliberatamente argilla, ardesia, calce, minerali, carbone, piante o i loro succhi sulla tela. Ognuna delle sue opere d&#8217;arte o miniature ha il proprio stile attraverso la struttura dei colori e la luce che si irradia da essi.<\/p>\n\n\n\n<p>Il lavoro di Joe racconta storie iniziate molto tempo fa, milioni di anni fa in pietre e strati di roccia, tanti anni fa in un albero, quest&#8217;estate in una pianta o un fiore.<\/p>\n\n\n\n<p>Negli anni 2009 &#8211; 2011 \u00e8 stato ispirato dal lavoro con erbe e piante selvatiche. Per lui, questa \u00e8 stata la scoperta dei colori naturali. In quel periodo espone i suoi primi dipinti ocra con acrilici, legno e piante. La produzione di pigmenti ora sembrava ovvia. Cos\u00ec inizi\u00f2 a lavare via i pigmenti ocra dagli strati di pietra. Trovando diverse sfumature di grigio nella ardesia. A Madeira ha trovato terre rosse incandescenti. \u00c8 cos\u00ec che ha creato la sua tavolozza con colori di pigmenti della natura.<\/p>\n\n\n\n<p>Questo modo di lavorare permette di produrre un colore \u201cDNA\u201d da qualsiasi luogo o regione. Insieme agli oggetti, crea anche opere d&#8217;arte individuali e molto personali su richiesta. A Berna e a Ronco s. Ascona, ha presentato le sue creazioni in connessione di raccolte dalla regione e colori a base di pigmenti.<\/p>\n\n\n\n<p>L&#8217;artista Herman de Vries lo ha particolarmente ispirato e confermato nel suo lavoro.<\/p>\n\n\n\n<p>Il suo attuale viaggio attraverso l&#8217;arte e la natura si arricchisce di nuove idee per fissare in immagini veri e propri stati d&#8217;animo. Cercando di mostrare unit\u00e0 e diversit\u00e0. Quindi puoi meravigliarti delle innumerevoli variazioni che la natura produce. Allo stesso modo, le sue opere aprono la vista all&#8217;ovvio. L&#8217;ambiente trova il suo posto nelle nostre case con le sue opere d&#8217;arte.<\/p>\n\n\n\n<p>Intervista realizzata da S. Grandi, in luglio 2023<\/p>\n\n\n\n<figure class=\"wp-block-gallery has-nested-images columns-default is-cropped wp-block-gallery-1 is-layout-flex wp-block-gallery-is-layout-flex\">\n<figure class=\"wp-block-image size-large\"><img loading=\"lazy\" decoding=\"async\" width=\"1024\" height=\"769\" data-id=\"1144\" src=\"https:\/\/www.joes-atelier.ch\/wp-content\/uploads\/2023\/07\/Weihanchtsgruesse-3-1024x769.jpg\" alt=\"\" class=\"wp-image-1144\" srcset=\"https:\/\/www.joes-atelier.ch\/wp-content\/uploads\/2023\/07\/Weihanchtsgruesse-3-1024x769.jpg 1024w, https:\/\/www.joes-atelier.ch\/wp-content\/uploads\/2023\/07\/Weihanchtsgruesse-3-300x225.jpg 300w, https:\/\/www.joes-atelier.ch\/wp-content\/uploads\/2023\/07\/Weihanchtsgruesse-3-768x576.jpg 768w, https:\/\/www.joes-atelier.ch\/wp-content\/uploads\/2023\/07\/Weihanchtsgruesse-3.jpg 1167w\" sizes=\"auto, (max-width: 1024px) 100vw, 1024px\" \/><\/figure>\n\n\n\n<figure class=\"wp-block-image size-large\"><img loading=\"lazy\" decoding=\"async\" width=\"1024\" height=\"769\" data-id=\"1145\" src=\"https:\/\/www.joes-atelier.ch\/wp-content\/uploads\/2023\/07\/Weihanchtsgruesse-4-1024x769.jpg\" alt=\"\" class=\"wp-image-1145\" srcset=\"https:\/\/www.joes-atelier.ch\/wp-content\/uploads\/2023\/07\/Weihanchtsgruesse-4-1024x769.jpg 1024w, https:\/\/www.joes-atelier.ch\/wp-content\/uploads\/2023\/07\/Weihanchtsgruesse-4-300x225.jpg 300w, https:\/\/www.joes-atelier.ch\/wp-content\/uploads\/2023\/07\/Weihanchtsgruesse-4-768x576.jpg 768w, https:\/\/www.joes-atelier.ch\/wp-content\/uploads\/2023\/07\/Weihanchtsgruesse-4.jpg 1167w\" sizes=\"auto, (max-width: 1024px) 100vw, 1024px\" \/><\/figure>\n\n\n\n<figure class=\"wp-block-image size-large\"><img loading=\"lazy\" decoding=\"async\" width=\"1024\" height=\"768\" data-id=\"1143\" src=\"https:\/\/www.joes-atelier.ch\/wp-content\/uploads\/2023\/07\/Madeira-Somme-2009-281-1024x768.jpg\" alt=\"\" class=\"wp-image-1143\" srcset=\"https:\/\/www.joes-atelier.ch\/wp-content\/uploads\/2023\/07\/Madeira-Somme-2009-281-1024x768.jpg 1024w, https:\/\/www.joes-atelier.ch\/wp-content\/uploads\/2023\/07\/Madeira-Somme-2009-281-300x225.jpg 300w, https:\/\/www.joes-atelier.ch\/wp-content\/uploads\/2023\/07\/Madeira-Somme-2009-281-768x576.jpg 768w, https:\/\/www.joes-atelier.ch\/wp-content\/uploads\/2023\/07\/Madeira-Somme-2009-281-1536x1152.jpg 1536w, https:\/\/www.joes-atelier.ch\/wp-content\/uploads\/2023\/07\/Madeira-Somme-2009-281-2048x1536.jpg 2048w\" sizes=\"auto, (max-width: 1024px) 100vw, 1024px\" \/><\/figure>\n<figcaption class=\"blocks-gallery-caption wp-element-caption\">Die Natur zeigt uns Verborgenes <\/figcaption><\/figure>\n\n\n\n<p>Joe,                                                        Ronco s.Ascona, Ticino, info@joes-atelier.ch www.joes-atelier.ch<\/p>\n\n\n\n<p>Joe ist ein K\u00fcnstler, der in einer naturnahen Umgebung der Region Basel aufgewachsen ist. Heute lebt und arbeitet er im Tessin. Schon fr\u00fch entwickelte er ein besonderes Gesp\u00fcr f\u00fcr Bild, Farben und Formen. In seinen Werken zeigt er die faszinierende Verbindung zwischen Natur und Kunst.<\/p>\n\n\n\n<p>Die Natur dient Joe als endlose Quelle der Inspiration. Er ist von der ungeahnten Vielfalt von Texturen, Formen, Farben und Eigenheiten fasziniert. Indem er diese Elemente in seinen Kunstwerken einf\u00e4ngt, dr\u00fcckt er seine Verbundenheit zur Umwelt aus. Gleichzeitig m\u00f6chte er das Bewusstsein f\u00fcr diesen enormen Reichtum und die Fragilit\u00e4t unseres Lebensraums sch\u00e4rfen.<\/p>\n\n\n\n<p>Seine k\u00fcnstlerischen Kreationen zeichnen sich durch ihre einzigartige Technik und Materialauswahl aus. Joe Th\u00fcring experimentiert mit allem was er findet. Mit Originalit\u00e4t werden Erden aus verschiedenen Regionen, Sandstein, besondere Steine, Pigmente aus Kreta und der Provence, k\u00fcnstlerisch verarbeitet. Gezielt bannt er Lehm, Schiefer, Kalk, Mineralien, Kohle, Pflanzen oder deren S\u00e4fte auf die Leinwand. Jedes seiner Kunstwerke oder Miniaturen, erh\u00e4lt durch die Struktur der Farben und das daraus strahlende Licht, seinen eigenen Stil.<\/p>\n\n\n\n<p>Die Bilder erz\u00e4hlen Geschichten welche l\u00e4ngst begonnen haben, vor Jahrmillionen in Steinen und Gesteinsschichten, vor vielen Jahren in einem Baum, diesen Sommer in einer Pflanze, einer Bl\u00fcte.<\/p>\n\n\n\n<p>In den Jahren 2009 &#8211; 2011 wurde er durch Arbeiten mit Kr\u00e4utern und Wildpflanzen inspiriert. Dies war f\u00fcr ihn die Entdeckung der Naturfarben. Er stellte damals erste ockerfarbene Gem\u00e4lde mit Acryl, Holz und Pflanzen aus. Die Herstellung von Pigmenten lag nun nahe. So hat er begonnen aus Steinschichten Ockerpigmente auszuwaschen. Im Schiefer fand er verschiedene Graut\u00f6ne. In Madeira fand er leuchtende rote Erden. Auf diese Art entstand auch seine eigene Farbpalette aus Naturpigmenten.<\/p>\n\n\n\n<p>Diese Arbeitsweise erm\u00f6glicht es von jedem Ort oder jeder Region eine \u201eDNA\u201c Farbe herzustellen. Zusammen mit Objekten kreiert er auch auf Wunsch individuelle, ganz pers\u00f6nliche Kunstwerke. In Bern und Ronco s. Ascona, pr\u00e4sentierte er seine Kreationen in der Verbindung von Gesammeltem aus der Region und Pigment basierenden Farben.&nbsp;<\/p>\n\n\n\n<p>Der K\u00fcnstler Herman de Vries hat ihn in seinem Schaffen besonders inspiriert und best\u00e4tigt.<\/p>\n\n\n\n<p>Seine aktuelle Reise durch Kunst und Natur ist angereichert von neuen Ideen reale Stimmungen in Bildern zu fixieren. Indem er die Einheit und deren Vielfalt aufzuzeigen versucht. So kann man \u00fcber die unz\u00e4hligen Variationen staunen welche die Natur hervorbringt. Ebenso \u00f6ffnen seine Werke den Blick auf das Naheliegende. Die Umgebung findet mit seinen Kunstwerken Platz in unseren R\u00e4umen.<\/p>\n\n\n\n<p>S. Grandi, Interview Juli 2023<\/p>\n\n\n<div class=\"wp-block-image\">\n<figure class=\"aligncenter size-large is-resized\"><img loading=\"lazy\" decoding=\"async\" width=\"768\" height=\"1024\" src=\"https:\/\/www.joes-atelier.ch\/wp-content\/uploads\/2020\/10\/IMG_4944-scaled-e1602931151599-768x1024.jpg\" alt=\"\" class=\"wp-image-156\" style=\"width:326px;height:auto\" srcset=\"https:\/\/www.joes-atelier.ch\/wp-content\/uploads\/2020\/10\/IMG_4944-scaled-e1602931151599-768x1024.jpg 768w, https:\/\/www.joes-atelier.ch\/wp-content\/uploads\/2020\/10\/IMG_4944-scaled-e1602931151599-225x300.jpg 225w, https:\/\/www.joes-atelier.ch\/wp-content\/uploads\/2020\/10\/IMG_4944-scaled-e1602931151599-1152x1536.jpg 1152w, https:\/\/www.joes-atelier.ch\/wp-content\/uploads\/2020\/10\/IMG_4944-scaled-e1602931151599-1536x2048.jpg 1536w, https:\/\/www.joes-atelier.ch\/wp-content\/uploads\/2020\/10\/IMG_4944-scaled-e1602931151599.jpg 1920w\" sizes=\"auto, (max-width: 768px) 100vw, 768px\" \/><figcaption class=\"wp-element-caption\">Gesteinsschichten Porto Ronco <\/figcaption><\/figure>\n<\/div>\n\n\n<figure class=\"wp-block-gallery has-nested-images columns-default is-cropped wp-block-gallery-2 is-layout-flex wp-block-gallery-is-layout-flex\">\n<figure class=\"wp-block-image size-large\"><img loading=\"lazy\" decoding=\"async\" width=\"1024\" height=\"768\" data-id=\"890\" src=\"https:\/\/www.joes-atelier.ch\/wp-content\/uploads\/2022\/12\/IMG_6870-1024x768.jpg\" alt=\"\" class=\"wp-image-890\" srcset=\"https:\/\/www.joes-atelier.ch\/wp-content\/uploads\/2022\/12\/IMG_6870-1024x768.jpg 1024w, https:\/\/www.joes-atelier.ch\/wp-content\/uploads\/2022\/12\/IMG_6870-300x225.jpg 300w, https:\/\/www.joes-atelier.ch\/wp-content\/uploads\/2022\/12\/IMG_6870-768x576.jpg 768w, https:\/\/www.joes-atelier.ch\/wp-content\/uploads\/2022\/12\/IMG_6870-1536x1152.jpg 1536w, https:\/\/www.joes-atelier.ch\/wp-content\/uploads\/2022\/12\/IMG_6870-2048x1536.jpg 2048w\" sizes=\"auto, (max-width: 1024px) 100vw, 1024px\" \/><\/figure>\n\n\n\n<figure class=\"wp-block-image size-large\"><img loading=\"lazy\" decoding=\"async\" width=\"1024\" height=\"768\" data-id=\"849\" src=\"https:\/\/www.joes-atelier.ch\/wp-content\/uploads\/2022\/11\/IMG_7453-1024x768.jpg\" alt=\"\" class=\"wp-image-849\" srcset=\"https:\/\/www.joes-atelier.ch\/wp-content\/uploads\/2022\/11\/IMG_7453-1024x768.jpg 1024w, https:\/\/www.joes-atelier.ch\/wp-content\/uploads\/2022\/11\/IMG_7453-300x225.jpg 300w, https:\/\/www.joes-atelier.ch\/wp-content\/uploads\/2022\/11\/IMG_7453-768x576.jpg 768w, https:\/\/www.joes-atelier.ch\/wp-content\/uploads\/2022\/11\/IMG_7453-1536x1152.jpg 1536w, https:\/\/www.joes-atelier.ch\/wp-content\/uploads\/2022\/11\/IMG_7453-2048x1536.jpg 2048w\" sizes=\"auto, (max-width: 1024px) 100vw, 1024px\" \/><\/figure>\n\n\n\n<figure class=\"wp-block-image size-large\"><img loading=\"lazy\" decoding=\"async\" width=\"1024\" height=\"768\" data-id=\"1798\" src=\"https:\/\/www.joes-atelier.ch\/wp-content\/uploads\/2024\/12\/ENGEL-2023-juli--1024x768.jpg\" alt=\"\" class=\"wp-image-1798\" srcset=\"https:\/\/www.joes-atelier.ch\/wp-content\/uploads\/2024\/12\/ENGEL-2023-juli--1024x768.jpg 1024w, https:\/\/www.joes-atelier.ch\/wp-content\/uploads\/2024\/12\/ENGEL-2023-juli--300x225.jpg 300w, https:\/\/www.joes-atelier.ch\/wp-content\/uploads\/2024\/12\/ENGEL-2023-juli--768x576.jpg 768w, https:\/\/www.joes-atelier.ch\/wp-content\/uploads\/2024\/12\/ENGEL-2023-juli--1536x1152.jpg 1536w, https:\/\/www.joes-atelier.ch\/wp-content\/uploads\/2024\/12\/ENGEL-2023-juli--2048x1536.jpg 2048w\" sizes=\"auto, (max-width: 1024px) 100vw, 1024px\" \/><\/figure>\n<\/figure>\n\n\n\n<p class=\"has-text-align-center\"><strong>Inspiration aus Wolkenbildern f\u00fcr die Engelserie und Valentinos  &#8212;  Ispirazione dalle immagini delle nuvole per la serie Angel e Valentinos<\/strong><\/p>\n\n\n\n<figure class=\"wp-block-gallery has-nested-images columns-default is-cropped wp-block-gallery-3 is-layout-flex wp-block-gallery-is-layout-flex\">\n<figure class=\"wp-block-image size-full\"><img loading=\"lazy\" decoding=\"async\" width=\"553\" height=\"453\" data-id=\"1795\" src=\"https:\/\/www.joes-atelier.ch\/wp-content\/uploads\/2024\/12\/Unsere-Sicht-Weissenstein-17.09.2011-www.jpg\" alt=\"\" class=\"wp-image-1795\" srcset=\"https:\/\/www.joes-atelier.ch\/wp-content\/uploads\/2024\/12\/Unsere-Sicht-Weissenstein-17.09.2011-www.jpg 553w, https:\/\/www.joes-atelier.ch\/wp-content\/uploads\/2024\/12\/Unsere-Sicht-Weissenstein-17.09.2011-www-300x246.jpg 300w\" sizes=\"auto, (max-width: 553px) 100vw, 553px\" \/><figcaption class=\"wp-element-caption\">(v)<\/figcaption><\/figure>\n\n\n\n<figure class=\"wp-block-image size-large\"><img loading=\"lazy\" decoding=\"async\" width=\"1016\" height=\"1024\" data-id=\"1790\" src=\"https:\/\/www.joes-atelier.ch\/wp-content\/uploads\/2024\/12\/2010-Orker-Landschaft-www-1016x1024.jpg\" alt=\"\" class=\"wp-image-1790\" srcset=\"https:\/\/www.joes-atelier.ch\/wp-content\/uploads\/2024\/12\/2010-Orker-Landschaft-www-1016x1024.jpg 1016w, https:\/\/www.joes-atelier.ch\/wp-content\/uploads\/2024\/12\/2010-Orker-Landschaft-www-298x300.jpg 298w, https:\/\/www.joes-atelier.ch\/wp-content\/uploads\/2024\/12\/2010-Orker-Landschaft-www-150x150.jpg 150w, https:\/\/www.joes-atelier.ch\/wp-content\/uploads\/2024\/12\/2010-Orker-Landschaft-www-768x774.jpg 768w, https:\/\/www.joes-atelier.ch\/wp-content\/uploads\/2024\/12\/2010-Orker-Landschaft-www-1524x1536.jpg 1524w, https:\/\/www.joes-atelier.ch\/wp-content\/uploads\/2024\/12\/2010-Orker-Landschaft-www-2031x2048.jpg 2031w\" sizes=\"auto, (max-width: 1016px) 100vw, 1016px\" \/><figcaption class=\"wp-element-caption\">(v)<\/figcaption><\/figure>\n\n\n\n<figure class=\"wp-block-image size-large\"><img loading=\"lazy\" decoding=\"async\" width=\"1024\" height=\"761\" data-id=\"1791\" src=\"https:\/\/www.joes-atelier.ch\/wp-content\/uploads\/2024\/12\/2011-Landschaft-mit-Wolken-www-1024x761.jpg\" alt=\"\" class=\"wp-image-1791\" srcset=\"https:\/\/www.joes-atelier.ch\/wp-content\/uploads\/2024\/12\/2011-Landschaft-mit-Wolken-www-1024x761.jpg 1024w, https:\/\/www.joes-atelier.ch\/wp-content\/uploads\/2024\/12\/2011-Landschaft-mit-Wolken-www-300x223.jpg 300w, https:\/\/www.joes-atelier.ch\/wp-content\/uploads\/2024\/12\/2011-Landschaft-mit-Wolken-www-768x571.jpg 768w, https:\/\/www.joes-atelier.ch\/wp-content\/uploads\/2024\/12\/2011-Landschaft-mit-Wolken-www-1536x1141.jpg 1536w, https:\/\/www.joes-atelier.ch\/wp-content\/uploads\/2024\/12\/2011-Landschaft-mit-Wolken-www-2048x1521.jpg 2048w\" sizes=\"auto, (max-width: 1024px) 100vw, 1024px\" \/><figcaption class=\"wp-element-caption\">(v)<\/figcaption><\/figure>\n<\/figure>\n\n\n\n<p class=\"has-text-align-center\"><strong>Anf\u00e4nge der Oker Gem\u00e4lde 2010 &#8212; Inizi dei dipinti di Oker 2010<\/strong><\/p>\n\n\n\n<p><\/p>\n","protected":false},"excerpt":{"rendered":"<p>Joe, Ronco s.Ascona, Ticino, info@joes-atelier.ch www.joes-atelier.ch Joe \u00e8 un artista cresciuto in un ambiente naturale nella regione di Basilea. Attualmente vive e lavora in Ticino. All&#8217;inizio ha sviluppato una sensibilit\u00e0 speciale per le immagini, i colori e le forme. Nelle&#8230; <a href=\"https:\/\/www.joes-atelier.ch\/?page_id=60\" class=\"read-more\">Read More<\/a><\/p>\n","protected":false},"author":1,"featured_media":0,"parent":0,"menu_order":0,"comment_status":"closed","ping_status":"closed","template":"","meta":{"footnotes":""},"class_list":["post-60","page","type-page","status-publish","hentry"],"_links":{"self":[{"href":"https:\/\/www.joes-atelier.ch\/index.php?rest_route=\/wp\/v2\/pages\/60","targetHints":{"allow":["GET"]}}],"collection":[{"href":"https:\/\/www.joes-atelier.ch\/index.php?rest_route=\/wp\/v2\/pages"}],"about":[{"href":"https:\/\/www.joes-atelier.ch\/index.php?rest_route=\/wp\/v2\/types\/page"}],"author":[{"embeddable":true,"href":"https:\/\/www.joes-atelier.ch\/index.php?rest_route=\/wp\/v2\/users\/1"}],"replies":[{"embeddable":true,"href":"https:\/\/www.joes-atelier.ch\/index.php?rest_route=%2Fwp%2Fv2%2Fcomments&post=60"}],"version-history":[{"count":47,"href":"https:\/\/www.joes-atelier.ch\/index.php?rest_route=\/wp\/v2\/pages\/60\/revisions"}],"predecessor-version":[{"id":1840,"href":"https:\/\/www.joes-atelier.ch\/index.php?rest_route=\/wp\/v2\/pages\/60\/revisions\/1840"}],"wp:attachment":[{"href":"https:\/\/www.joes-atelier.ch\/index.php?rest_route=%2Fwp%2Fv2%2Fmedia&parent=60"}],"curies":[{"name":"wp","href":"https:\/\/api.w.org\/{rel}","templated":true}]}}